common factor of 204 and 1479?
51
Calculate the greatest common divisor of 54 and 198.
18
What is the greatest common factor of 3786 and 6?
6
What is the greatest common divisor of 2075 and 2241?
83
What is the greatest common divisor of 106 and 26023?
53
Calculate the greatest common divisor of 33 and 84.
3
Calculate the greatest common factor of 21870 and 10.
10
What is the greatest common divisor of 3834 and 142?
142
What is the highest common divisor of 272 and 1054?
34
Calculate the greatest common divisor of 638 and 462.
22
What is the greatest common divisor of 21 and 6?
3
What is the highest common factor of 48 and 174?
6
What is the highest common factor of 3133 and 13?
13
What is the greatest common factor of 3696 and 4?
4
Calculate the greatest common factor of 1 and 49.
1
Calculate the highest common factor of 6 and 8748.
6
What is the greatest common factor of 5 and 445?
5
Calculate the greatest common divisor of 294 and 63.
21
Calculate the greatest common divisor of 23 and 13.
1
Calculate the greatest common factor of 38 and 57.
19
Calculate the highest common divisor of 104 and 221.
13
Calculate the greatest common divisor of 88 and 76.
4
What is the highest common divisor of 60 and 40?
20
Calculate the highest common factor of 71 and 19880.
71
Calculate the highest common factor of 8 and 296.
8
What is the greatest common factor of 21 and 2499?
21
What is the highest common factor of 1767 and 930?
93
What is the greatest common factor of 91 and 7?
7
What is the greatest common divisor of 8 and 128?
8
Calculate the highest common factor of 116 and 2117.
29
What is the highest common factor of 8957 and 53?
53
Calculate the highest common factor of 8 and 3.
1
Calculate the highest common factor of 403 and 31.
31
What is the greatest common factor of 20 and 1660?
20
Calculate the highest common divisor of 41 and 7913.
41
Calculate the highest common divisor of 810 and 95.
5
What is the highest common divisor of 477 and 36?
9
What is the highest common factor of 66 and 165?
33
Calculate the greatest common divisor of 54 and 6759.
9
Calculate the highest common factor of 56 and 4585.
7
What is the greatest common divisor of 2743 and 104?
13
Calculate the highest common factor of 1345 and 5.
5
What is the highest common divisor of 144 and 16?
16
Calculate the highest common divisor of 50 and 30.
10
What is the greatest common factor of 2975 and 21?
7
What is the highest common factor of 18 and 63?
9
Calculate the highest common divisor of 105 and 435.
15
What is the highest common divisor of 14660 and 80?
20
Calculate the greatest common divisor of 198 and 2079.
99
What is the greatest common divisor of 2592 and 9?
9
What is the greatest common factor of 144 and 384?
48
What is the highest common divisor of 128 and 8?
8
Calculate the greatest common divisor of 14 and 1792.
14
What is the highest common divisor of 70 and 4494?
14
What is the highest common divisor of 90 and 105?
15
What is the greatest common factor of 68 and 289?
17
What is the greatest common factor of 25 and 400?
25
Calculate the highest common divisor of 70 and 2905.
35
What is the highest common divisor of 56 and 98?
14
What is the highest common factor of 2592 and 512?
32
What is the highest common divisor of 855 and 165?
15
What is the highest common divisor of 170 and 30?
10
Calculate the greatest common divisor of 41 and 6765.
41
What is the greatest common factor of 720 and 90?
90
What is the highest common divisor of 66 and 8448?
66
What is the highest common factor of 58 and 319?
29
Calculate the highest common factor of 240 and 23664.
48
What is the highest common divisor of 2 and 38?
2
Calculate the highest common divisor of 46 and 1886.
46
Calculate the greatest common factor of 400 and 160.
80
Calculate the highest common factor of 77444 and 76.
76
What is the greatest common factor of 2350 and 94?
94
Calculate the highest common factor of 12 and 2916.
12
What is the greatest common divisor of 20 and 230?
10
Calculate the highest common factor of 75 and 1275.
75
Calculate the greatest common divisor of 1408 and 4.
4
What is the highest common divisor of 3632 and 227?
227
Calculate the highest common factor of 5510 and 1160.
290
What is the greatest common divisor of 187 and 22?
11
What is the highest common factor of 216 and 264?
24
Calculate the highest common factor of 217 and 124.
31
What is the highest common factor of 97 and 5141?
97
Calculate the highest common divisor of 63 and 873.
9
Calculate the greatest common divisor of 88 and 1188.
44
What is the greatest common divisor of 136 and 17850?
34
What is the highest common divisor of 29 and 19?
1
What is the highest common factor of 30 and 795?
15
What is the highest common divisor of 10 and 170?
10
What is the highest common factor of 80 and 8160?
80
Calculate the greatest common divisor of 8 and 1584.
8
What is the greatest common factor of 46 and 46?
46
Calculate the highest common divisor of 32 and 3216.
16
Calculate the greatest common factor of 80 and 464.
16
What is the highest common factor of 288 and 528?
48
Calculate the highest common factor of 76 and 817.
19
Calculate the highest common factor of 746 and 2.
2
Calculate the highest common factor of 74 and 37.
37
Calculate the greatest common divisor of 451 and 82.
41
Calculate the greatest common divisor of 29 and 667.
29
Calculate the highest common divisor of 6 and 1134.
6
What is the highest common divisor of 204 and 561?
51
What is the highest common divisor of 1323 and 2793?
147
Calculate the highest common factor of 4044 and 12.
12
Calculate the highest common factor of 149 and 4.
1
Calculate the greatest common divisor of 6278 and 146.
146
What is the highest common factor of 92 and 11086?
46
Calculate the highest common divisor of 869 and 143.
11
What is the greatest common divisor of 38 and 19?
19
What is the highest common factor of 294 and 222?
6
Calculate the highest common divisor of 40 and 440.
40
What is the greatest common factor of 15 and 885?
15
Calculate the greatest common divisor of 174 and 638.
58
Calculate the greatest common divisor of 464 and 87.
29
What is the highest common factor of 48 and 3132?
12
What is the highest common divisor of 32 and 5?
1
What is the highest common factor of 248 and 31?
31
What is the highest common factor of 20 and 250?
10
What is the highest common divisor of 465 and 30?
15
Calculate the greatest common divisor of 165 and 858.
33
What is the highest common divisor of 23 and 2231?
23
What is the greatest common divisor of 166 and 12035?
83
Calculate the greatest common divisor of 319 and 58.
29
Calculate the highest common factor of 90 and 390.
30
Calculate the highest common factor of 550 and 440.
110
What is the greatest common divisor of 2483 and 13?
13
Calculate the highest common factor of 2450 and 2695.
245
Calculate the greatest common divisor of 12 and 31416.
12
Calculate the greatest common divisor of 1577 and 19.
19
Calculate the highest common factor of 2304 and 2736.
144
Calculate the greatest common factor of 27 and 729.
27
What is the greatest common divisor of 162 and 1350?
54
Calculate the greatest common factor of 3534 and 496.
62
Calculate the highest common divisor of 54 and 126.
18
What is the greatest common factor of 220 and 8?
4
Calculate the greatest common divisor of 844 and 4.
4
What is the highest common divisor of 312 and 72?
24
Calculate the highest common factor of 11935 and 77.
77
Calculate the highest common factor of 1672 and 88.
88
What is the highest common factor of 37 and 1073?
37
What is the highest common divisor of 50 and 1060?
10
What is the greatest common factor of 206 and 309?
103
What is the greatest common divisor of 297 and 1320?
33
What is the greatest common factor of 1380 and 300?
60
Calculate the greatest common divisor of 193 and 100939.
193
Calculate the greatest common factor of 147 and 33.
3
Calculate the highest common factor of 41 and 779.
41
What is the highest common factor of 3 and 76?
1
What is the highest common factor of 24250 and 194?
194
What is the highest common divisor of 117 and 108?
9
What is the highest common factor of 143 and 13?
13
Calculate the greatest common factor of 1073 and 37.
37
Calculate the gr